List the prime factors of 1911.
3, 7, 13
What are the prime factors of 18605?
5, 61
What are the prime factors of 3365?
5, 673
List the prime factors of 36387.
3, 13, 311
List the prime factors of 3700.
2, 5, 37
List the prime factors of 13224.
2, 3, 19, 29
What are the prime factors of 54?
2, 3
What are the prime factors of 7000?
2, 5, 7
What are the prime factors of 4140?
2, 3, 5, 23
What are the prime factors of 2453?
11, 223
What are the prime factors of 72876?
2, 3, 6073
What are the prime factors of 35588?
2, 7, 31, 41
What are the prime factors of 40167?
3, 4463
List the prime factors of 19302.
2, 3, 3217
List the prime factors of 30180.
2, 3, 5, 503
List the prime factors of 29185.
5, 13, 449
What are the prime factors of 54367?
54367
List the prime factors of 229.
229
What are the prime factors of 6006?
2, 3, 7, 11, 13
What are the prime factors of 30474?
2, 3, 1693
List the prime factors of 77118.
2, 3, 12853
What are the prime factors of 372?
2, 3, 31
List the prime factors of 15671.
15671
List the prime factors of 1214.
2, 607
What are the prime factors of 4237?
19, 223
List the prime factors of 933.
3, 311
List the prime factors of 11754.
2, 3, 653
List the prime factors of 10605.
3, 5, 7, 101
What are the prime factors of 106298?
2, 53149
What are the prime factors of 11320?
2, 5, 283
What are the prime factors of 802?
2, 401
List the prime factors of 4918.
2, 2459
List the prime factors of 71578.
2, 13, 2753
List the prime factors of 3815.
5, 7, 109
List the prime factors of 17352.
2, 3, 241
List the prime factors of 2843.
2843
List the prime factors of 801.
3, 89
List the prime factors of 2425.
5, 97
What are the prime factors of 14914?
2, 7457
What are the prime factors of 1055?
5, 211
List the prime factors of 1076.
2, 269
List the prime factors of 10019.
43, 233
What are the prime factors of 729?
3
List the prime factors of 22541.
22541
What are the prime factors of 26412?
2, 3, 31, 71
List the prime factors of 62633.
62633
What are the prime factors of 1554?
2, 3, 7, 37
List the prime factors of 8080.
2, 5, 101
What are the prime factors of 3140?
2, 5, 157
What are the prime factors of 3852?
2, 3, 107
What are the prime factors of 595?
5, 7, 17
List the prime factors of 231.
3, 7, 11
What are the prime factors of 18829?
19, 991
List the prime factors of 3629.
19, 191
List the prime factors of 6976.
2, 109
What are the prime factors of 8624?
2, 7, 11
List the prime factors of 1410.
2, 3, 5, 47
What are the prime factors of 2968?
2, 7, 53
List the prime factors of 5325.
3, 5, 71
What are the prime factors of 1452?
2, 3, 11
List the prime factors of 6018.
2, 3, 17, 59
What are the prime factors of 68896?
2, 2153
What are the prime factors of 61608?
2, 3, 17, 151
List the prime factors of 41831.
59, 709
List the prime factors of 51377.
83, 619
List the prime factors of 4700.
2, 5, 47
List the prime factors of 35025.
3, 5, 467
What are the prime factors of 3387?
3, 1129
What are the prime factors of 779?
19, 41
List the prime factors of 4968.
2, 3, 23
What are the prime factors of 25988?
2, 73, 89
List the prime factors of 7104.
2, 3, 37
List the prime factors of 42832.
2, 2677
List the prime factors of 1469.
13, 113
What are the prime factors of 6?
2, 3
List the prime factors of 1186.
2, 593
List the prime factors of 3408.
2, 3, 71
What are the prime factors of 576?
2, 3
List the prime factors of 5521.
5521
List the prime factors of 2767.
2767
What are the prime factors of 110?
2, 5, 11
List the prime factors of 82294.
2, 23, 1789
List the prime factors of 70217.
7, 1433
What are the prime factors of 12?
2, 3
List the prime factors of 8876.
2, 7, 317
List the prime factors of 7239.
3, 19, 127
What are the prime factors of 2077?
31, 67
What are the prime factors of 6442?
2, 3221
What are the prime factors of 72367?
72367
What are the prime factors of 2512?
2, 157
What are the prime factors of 2004?
2, 3, 167
List the prime factors of 1331.
11
List the prime factors of 282.
2, 3, 47
What are the prime factors of 3624?
2, 3, 151
What are the prime factors of 41919?
3, 89, 157
What are the prime factors of 14?
2, 7
List the prime factors of 5341.
7, 109
What are the prime factors of 1262?
2, 631
What are the prime factors of 1600?
2, 5
List the prime factors of 1871.
1871
What are the prime factors of 137131?
137131
What are the prime factors of 31301?
113, 277
What are the prime factors of 4167?
3, 463
List the prime factors of 14598.
2, 3, 811
What are the prime factors of 1134?
2, 3, 7
List the prime factors of 1958.
2, 11, 89
List the prime factors of 123.
3, 41
What are the prime factors of 1772?
2, 443
What are the prime factors of 813?
3, 271
List the prime factors of 77185.
5, 43, 359
What are the prime factors of 20339?
11, 43
List the prime factors of 6076.
2, 7, 31
List the prime factors of 45725.
5, 31, 59
List the prime factors of 343.
7
List the prime factors of 2561.
13, 197
What are the prime factors of 28974?
2, 3, 11, 439
What are the prime factors of 19238?
2, 9619
What are the prime factors of 12647?
12647
List the prime factors of 65506.
2, 7, 4679
List the prime factors of 57998.
2, 47, 617
List the prime factors of 180161.
180161
What are the prime factors of 1652?
2, 7, 59
List the prime factors of 15202.
2, 11, 691
List the prime factors of 1858.
2, 929
List the prime factors of 1386.
2, 3, 7, 11
List the prime factors of 27166.
2, 17, 47
List the prime factors of 686.
2, 7
List the prime factors of 15588.
2, 3, 433
List the prime factors of 312.
2, 3, 13
What are the prime factors of 59887?
59887
What are the prime factors of 1501?
19, 79
List the prime factors of 21315.
3, 5, 7, 29
What are the prime factors of 2785?
5, 557
List the prime factors of 265.
5, 53
What are the prime factors of 6046?
2, 3023
List the prime factors of 4946.
2, 2473
What are the prime factors of 115026?
2, 3, 19, 1009
What are the prime factors of 2367?
3, 263
List the prime factors of 7825.
5, 313
List the prime factors of 31084.
2, 19, 409
List the prime factors of 10060.
2, 5, 503
List the prime factors of 397.
397
List the prime factors of 4020.
2, 3, 5, 67
What are the prime factors of 2374?
2, 1187
List the prime factors of 42025.
5, 41
What are the prime factors of 85172?
2, 107, 199
What are the prime factors of 27838?
2, 31, 449
What are the prime factors of 61?
61
What are the prime factors of 8109?
3, 17, 53
What are the prime factors of 480?
2, 3, 5
What are the prime factors of 69594?
2, 3, 7, 1657
What are the prime factors of 29508?
2, 3, 2459
What are the prime factors of 16123?
23, 701
What are the prime factors of 5879?
5879
List the prime factors of 2135.
5, 7, 61
What are the prime factors of 40260?
2, 3, 5, 11, 61
List the prime factors of 19087.
19087
What are the prime factors of 30653?
7, 29, 151
What are the prime factors of 39190?
2, 5, 3919
List the prime factors of 9150.
2, 3, 5, 61
What are the prime factors of 47081?
23, 89
What are the prime factors of 15836?
2, 37, 107
List the prime factors of 6252.
2, 3, 521
What are the prime factors of 37720?
2, 5, 23, 41
What are the prime factors of 123?
3, 41
What are the prime factors of 3664?
2, 229
List the prime factors of 90.
2, 3, 5
What are the prime factors of 125697?
3, 11, 13, 293
List the prime factors of 644.
2, 7, 23
List the prime factors of 697.
17, 41
List the prime factors of 81687.
3, 73, 373
List the prime factors of 866.
2, 433
List the prime factors of 6775.
5, 271
What are the prime factors of 1523?
1523
List the prime factors of 47574.
2, 3, 881
What are the prime factors of 691?
691
List the prime factors of 2216.
2, 277
List the prime factors of 144303.
3, 103, 467
What are the prime factors of 559?
13, 43
What are the prime factors of 14037?
3, 4679
What are the prime factors of 3451?
7, 17, 29
List the prime factors of 366.
2, 3, 61
What are the prime factors of 460?
2, 5, 23
What are the prime factors of 79?
79
What are the prime factors of 39724?
2, 9931
List the prime factors of 24636.
2, 3, 2053
What are the prime factors of 1745?
5, 349
What are the prime factors of 31084?
2, 19, 409
What are the prime factors of 10?
2, 5
List the prime factors of 7104.
2, 3, 37
List the prime factors of 21911.
21911
What are the prime f